- z*w. Does 2 divide m?
False
Let n be (-2)/3 - 50/(-3). Let h = n - 0. Does 15 divide h?
False
Let b(v) be the third derivative of v**4/12 - 3*v**2. Let j be b(1). Suppose -j*y - 3*y = -115. Is y a multiple of 9?
False
Suppose 4*o - 18 = 2. Does 2 divide o?
False
Let o(j) be the second derivative of j**5/20 + j**4/2 + j**3 + 7*j**2/2 + 2*j. Let m be o(-5). Suppose m*t - 3*t = -7. Does 2 divide t?
False
Suppose 0 = 5*x - 7 - 8, 0 = -3*i - 5*x + 3. Let u be -1*(1 + -3)*-16. Let l = i - u. Is l a multiple of 20?
False
Let b = -6 - -9. Suppose -7*c = -b*c - 168. Suppose 4*r - 22 = c. Does 8 divide r?
True
Let t(y) = y**3 + 5*y**2 + 4*y + 4. Let p(z) = 2*z**3 + 2*z**2 - z + 2. Let r be p(-2). Let l be t(r). Suppose -k + l*k = 132. Does 17 divide k?
False
Does 4 divide (11 + 3)*(-2)/(-4)?
False
Is 14 a factor of (13 + (-5)/5)*28/3?
True
Let q(g) = -g + 4. Let w be q(7). Does 11 divide w/(-2)*(-88)/(-6)?
True
Suppose -4*f + 4*x - 8 = 0, -4 = 3*f + f - 3*x. Suppose 30 = v + f*v. Does 5 divide v?
True
Let f be (-2)/(-9) + 4/(-18). Suppose f*b + 5*j = 5*b, 3*b - 2*j = 5. Suppose 0 = -5*p + 3*y + 135, -5*p = b*y - 4*y - 135. Is 13 a factor of p?
False
Suppose -f - 168 = 3*f. Let x be 3/(-9)*(0 + f). Suppose v + v = x. Is 7 a factor of v?
True
Let z(v) = 5*v**2 + 4*v + 1. Let n(c) = 14*c**2 + 12*c + 3. Let k(m) = 3*n(m) - 8*z(m). Is k(4) a multiple of 19?
False
Let w = 14 + -10. Suppose -q = w*q - 130. Is q a multiple of 10?
False
Suppose -7*r + 12*r = 130. Is r a multiple of 9?
False
Let n = -30 + 50. Is 5 a factor of n?
True
Suppose -5*d + 5*g + 145 = 0, -7*g - 115 = -4*d - 2*g. Is 26 a factor of d?
False
Let j be (4 + (2 - 2))/2. Suppose -2*y + 8 = j*y. Suppose -a = y*c - 2*a - 89, -c = a - 37. Does 17 divide c?
False
Let h(z) be the first derivative of -5*z**2/2 + 2*z - 3. Is 12 a factor of h(-2)?
True
Suppose -5*l + 221 = -134. Is 34 a factor of l?
False
Does 3 divide 16/14*7/2?
False
Let j = 7 - 7. Let c(o) = -2*o + 40. Is c(j) a multiple of 14?
False
Suppose 0 = -4*g - 4*r + 800, -4*g = g - 3*r - 984. Is g a multiple of 13?
False
Let m be 1*-2 + (-1 - -1). Let n = m + 3. Is 4/(-5)*(-15)/n a multiple of 8?
False
Suppose 0 = -2*i - 2*z - 238, 0*i - 589 = 5*i - z. Does 12 divide 2/10 + i/(-10)?
True
Let g be (8/10)/((-20)/50). Let p(c) = -9*c**3 - c**2 - 3*c - 2. Is p(g) a multiple of 26?
False
Let q(p) = 11*p - 3. Let z be q(3). Is z/4 - 8/16 a multiple of 7?
True
Let t = 92 - -93. Does 13 divide t?
False
Suppose 3*n + l = -l - 26, 5*n + 75 = 3*l. Let z(x) = x**2 + x. Let u be z(6). Let t = n + u. Is 15 a factor of t?
True
Suppose 11*g - g - 1040 = 0. Does 13 divide g?
True
Let f be (2/(-4))/(2/(-4)). Let z(a) = a**2 - 5*a + 3. Let j be z(6). Let s = f + j. Does 10 divide s?
True
Suppose 0 = -4*l + 2 + 10. Suppose -n + l*r + 1 = -7, -5*r + 15 = 0. Does 17 divide n?
True
Let l(a) = -a**3 + 8*a**2 - 7*a + 4. Let z = 13 + -6. Is l(z) a multiple of 4?
True
Let y = 13 + -9. Let u = -1 + y. Suppose -4*x + 3*q + 72 = 0, 2*q = x + u*q - 11. Does 15 divide x?
True
Let s(i) = -27*i + 13. Does 16 divide s(-4)?
False
Let n = 6 + -2. Let o(j) = -j**2 + 4*j + 2. Let y be o(n). Suppose -37 = -3*c + y*s, -3*s - 2*s = -20. Is c a multiple of 6?
False
Let l be -2*(10/4)/1. Is 13 a factor of l*4/(-20)*58?
False
Let r be 6/(-12)*122/1. Let f = -41 - r. Does 20 divide f?
True
Let u(q) = -q. Suppose 6*r = r + 4*x - 6, 0 = -4*r + 5*x - 3. Let p be u(r). Is 9 a factor of (-246)/(-15) + p/(-5)?
False
Suppose -l - 3*l = z - 84, -84 = -4*l - 4*z. Does 21 divide l?
True
Let k(h) = -1. Let w(i) = 3*i + 3. Let b(f) = -4*k(f) + w(f). Is 12 a factor of b(9)?
False
Let f(i) = -i**3 - i**2 + i - 2. Let h be f(0). Let x = -4 - h. Let l(o) = -2*o**3 - o**2 + 2*o + 1. Is 9 a factor of l(x)?
True
Let v = 3 + -1. Let q be -5 - -2 - -6 - 54/(-2). Suppose 0 = v*p - 4*p + q. Is p a multiple of 15?
True
Let f be 10 - 2*(1 + -2). Let m be (-3*f/9)/2. Does 19 divide m/7 + (-135)/(-7)?
True
Suppose 5*a - 92 = 13. Is 1*((2 - 5) + a) a multiple of 9?
True
Suppose 4*v - 115 = 3*i, -4*i - 2 = -14. Is v a multiple of 8?
False
Let k(o) = -o**3 + o**2 + o. Let g be k(-1). Let h be (-5 - 0)*(-9)/g. Suppose 3 = -3*u, 3*a - h = 2*u + 29. Is a a multiple of 11?
False
Let u = 8 + -5. Suppose -d = 1 + u. Is 5 a factor of (-19)/d - (-2)/8?
True
Suppose -2*w + 85 = -15. Is 2 a factor of w?
True
Let z = 19 - 33. Let j = 2 - z. Does 16 divide j?
True
Let m(t) = 2*t**2 + t - 1. Let j be m(1). Suppose 5*x - 2*b - 118 = 0, j*b = -13 + 5. Is 10 a factor of x?
False
Let h be (-45)/(-6)*(-8)/(-6). Let u = 25 - h. Does 4 divide u?
False
Let f = -23 - -101. Is 4 a factor of f?
False
Let v = 225 - 172. Does 11 divide v?
False
Let x(m) = 5*m**2 - 5*m - 1. Let d be x(4). Suppose 0 = 5*c - d - 11. Does 7 divide c?
True
Suppose 7*a - 76 - 113 = 0. Does 27 divide a?
True
Suppose 2*s + 230 = 5*f - 3*s, 2*f - 5*s = 77. Does 17 divide f?
True
Let y(p) = -7*p + 5. Let z be y(7). Let j be z/(-16) + (-2)/(-8). Suppose -30 = -j*u + 15. Is u a multiple of 15?
True
Let g = -5 + 57. Let z = g - 32. Does 10 divide z?
True
Let f = 218 + -86. Is f a multiple of 24?
False
Suppose 0 = -2*a - 1 + 5. Is 8 a factor of 3*((-14)/(-3) - a)?
True
Does 22 divide (-20)/(-35) + (-395)/(-7)?
False
Suppose 5*t = -3*f + 262, 5*f = 5*t - 43 + 453. Suppose 3*m - z - 62 = 0, 4*m + z - 3*z = f. Let a = m + -5. Does 12 divide a?
False
Let b(c) = -3*c**3 - 5*c**2 - c + 3. Let o be b(-3). Suppose 6*p = a + p - o, 5*p = -2*a + 54. Is 16 a factor of a?
True
Does 3 divide ((-14)/4)/((-12)/72)?
True
Suppose 3*i = -k + 4*k - 15, 4*i - 20 = -4*k. Suppose k*y - 77 = 53. Is 21 a factor of y?
False
Suppose -16 = 3*m - 4. Is 24 a factor of (m/(-5))/((-2)/(-180))?
True
Suppose 4*v + 2*z = 300, 5*v - 3*z + 70 = 6*v. Does 16 divide v?
False
Let u(s) be the first derivative of -3*s**4/4 + 2*s**3/3 + s**2/2 - 2*s - 2. Does 12 divide u(-2)?
False
Let m(d) = 3*d**2 + 5*d - 4. Is m(-4) a multiple of 8?
True
Let r = -7 + 31. Suppose -r = -4*o - 8. Does 3 divide o?
False
Let y(k) = k + 5. Let f be y(-3). Let n = f - -25. Is n a multiple of 10?
False
Suppose 0 = -5*r + 5*y + 225, 3*r - 2*y = 2*y + 137. Suppose -5*a + 21 = u, -3*a = 3*u - 8*a - r. Is u a multiple of 6?
False
Let w = 2 + -2. Suppose 23 = q - w*q. Is q a multiple of 23?
True
Is 3 a factor of 1*4 - (-28)/2?
True
Suppose -1112 = -5*c - 47. Suppose -2*o + c = 5*y, 5*o + 45 = -3*y + 188. Is 22 a factor of y?
False
Suppose -5*j + 49 = -11. Suppose -j = -2*w - w. Suppose 2*y - c - 60 = 0, -2*y - y - w*c + 90 = 0. Does 15 divide y?
True
Let s = 189 - 81. Is s a multiple of 27?
True
Suppose -5 = 5*m, h + h - 27 = -m. Suppose -5*k + 4*q = -0*k - 15, 2*q + h = -4*k. Does 2 divide -1 - k/((-1)/(-4))?
False
Let u(h) = -h + 3 + 2*h + 0*h. Does 4 divide u(5)?
True
Suppose 0 = -t + 6*t - 405. Does 27 divide t?
True
Let w(s) = s**3 - 7*s**2 - 9*s + 8. Let a be w(8). Suppose 214 = 4*b + o, -4*o + a*o + 262 = 5*b. Is b a multiple of 27?
True
Suppose 3*g - 5*u = 7*g - 345, -2*g + 140 = -4*u. Is g a multiple of 3?
False
Suppose 0*y = 3*v - y - 2, 0 = -4*v - 3*y + 20. Suppose -49 = -v*d - 4*f + 3, 5*d - 185 = f. Is 8 a factor of d?
False
Let c = 23 + -14. Let q = c + 2. Is q a multiple of 11?
True
Let n(o) = 3*o**2 - 5*o - 11. Does 18 divide n(6)?
False
Suppose -4*h + 10 = -2*y, 5*y + 3*h - 3 = -h. Let v = 1 - y. Is 13 a factor of (-51)/(-2) + v/4?
True
Let j(u) = u**2 + 3*u - 3. Suppose n = 4*m - 11, -n + 4*m + 4 = -5*n. Let z be j(n). Let i(g) = -4*g - 2. Is i(z) a multiple of 3?
False
Suppose 0 = -3*o - 5*u + 9 + 20, -5*o + u = -11. Suppose -o*i - 3 = 3*n, -3*i + i = 10. Suppose 0 = -m - 2*h + 13, n*h + 1 + 12 = m. Is 5 a factor of m?
False
Let k(j) = -6*j - 1. Let p be k(3). Let i = -1 - p. Does 11 divide i?
False
Let z(m) = -m**3 - 3*m**2 + 5*m - 4. Suppose -2*i + 5*u - 4*u = 12, 5*u - 30 = 4*i. Is z(i) a multiple of 7?
True
Is 16 a factor of -3*(-1)/(-3)*-73?
False
Suppose -g = -t + 5*t - 2, -5*t + 7 = 2*g. Let l = g + -4. Suppose 16 = l*q - 8. Is q a multiple of 12?
True
Suppose 2*o + 12 = 6*o. Suppose -f = o*f - 40. Suppose t = -f + 34. Is t a multiple of 17?
False
Let v be (6/(-8))/((-1)/4). Let o be -4 + v + 2*29. Is 11 a factor of 2/(-1) + o/3?
False
Suppose 2*k - 21 = 2*z - 3*z, 0 = 5*k - 4*z - 20. Is 4 a factor of (k +